
Calculate ((2 - 3) + 8 - (1841 + -1832)) + (105 - 0).
103
What is 3 - (-5 + 6) - 0 - -5 - (-49 - -34)?
22
What is 8 + (6 - (8 + 8 + -8)) + 6?
12
What is the value of -9 + (11 + -2 - 2) - (-183 + 73)?
108
What is 2 + (-13 - -7) + 9 + 30?
35
Calculate 12 - 2 - (12 + (-8 - (12 + -9))) - -102.
111
Evaluate 30 - ((-29 + 31 - (-5 + 2)) + -4) - 9.
20
What is 175 + -147 + -65 + (-3 - (0 - 1))?
-39
Evaluate -53 + 132 + -62 - 92.
-75
Calculate ((-3 - -18) + -14 - 12) + (-2 - -1 - -7).
-5
Calculate -106 + 57 + 48 - -49.
48
Calculate -14 - (-108 - -44) - 61.
-11
What is -80 + (-3 - (3 + 6 + -27))?
-65
What is the value of -25 + (32 + 12 - -4)?
23
(41 - 22 - -20) + 60 + 9 + 4
112
(-11 - (-177 - -38)) + -98
30
What is the value of -11 - (-105 - -86) - -2?
10
Calculate 14715 + -14583 - (90 - 1).
43
What is (89 - (10 - 8)) + (-106 - -102)?
83
Evaluate (8 - (-5 - (-1 + -2))) + 2050 + -1937.
123
Calculate -49 + -1 + -12266 + 12349.
33
What is 15 - -6 - (4 + 23 + -49 + 5)?
38
What is the value of -22 - 3 - (-23 - (-70 - -29))?
-43
Evaluate (15 - (8 - (-8 + 23))) + -12.
10
Evaluate 46 - (-8 + -36 - -37).
53
What is -100 + 89 - (-30 - (14 + -7))?
26
What is (-12 - -93) + -84 + (3 - (88 + 4) - 0)?
-92
Evaluate (40 - (-14 + (35 - 14))) + -18.
15
What is 35 + (16 - (-45 - -82))?
14
Evaluate -17 - -1 - (-41 + 3 + 13 + 32).
-23
Calculate 71 - (31 + -8) - 35 - (-114 + 1).
126
What is -5 + 3 - (8 - 6) - (-1030 + 1019)?
7
Evaluate -2 + (-9 - (5 + (-8 - 7))) + -1 - 2.
-4
What is 97 - 103 - (-13 + (-5 - (-1 + -7)))?
4
Calculate 973 + -978 - (1 + -39 - (23 + -21)).
35
What is 47 + -5 - (-65 + 199)?
-92
Evaluate 2 + (-1 - -1) - (20 + (-52 + 30 - -11)).
-7
Evaluate -12 - -103 - -12 - (-22 - (-4 - 29)).
92
What is -134 - -57 - -130 - 76?
-23
15 + -16 - -1 - (-3 - (-82 - 2))
-81
Calculate 68 - (-17 - (-11 + 4 + (17 - 12))).
83
What is 24 - (30 - (12 - (-22 + 23)))?
5
What is -169 + (45 - -61) + -20?
-83
Evaluate -23 - (-49 + 48 - (0 + 0 + (0 - 4))).
-26
Calculate 11 + 4 + 9 + -94 - (-1 + -6).
-63
Calculate (14 - -69) + (-10 + 50 - 36) + -1 + 7.
93
What is the value of 4 + (32 + -9 - (25 + 58)) + (-3 - 0)?
-59
-4 + (5 - (6 + (-18 - (-12 - -2)) + 5))
-2
What is the value of 11 - (2 + 3 + -1) - (535 + -522)?
-6
What is the value of (13 - (-14 + 24) - 6) + 35?
32
(-71 - 2 - -70) + (-60 - (0 + 2))
-65
What is the value of -102 + -3 - (-3 - (21 + 3 - (143 - 131)))?
-90
Calculate 63 - (-31 + 49 - -43).
2
Evaluate (93 - 48) + -37 + 46.
54
Evaluate (-3 + (-3 - -58) - 0) + 2319 + -2313.
58
13 + 54 + -140 + 59
-14
What is the value of 21 + -12 - (-15 - 7)?
31
What is (10 - -2) + (-147 - -127) - -45?
37
-1 + (918 - 896) + -22 + -1 + -69
-71
What is (0 + 11 - (4 + 21)) + (1 - -10) + 35?
32
What is -79 + 73 - (-67 - 6) - 24?
43
Evaluate 458 - 295 - (35 - -5) - -7.
130
What is the value of -27 + 57 - -58 - (1 + (-3 - -5) - 9)?
94
What is (-9 - (-37 + 19)) + 2 + -2 - (22 + -94)?
81
Evaluate -18 + (-4 - -6) + (-729 - -803).
58
(45 - 44) + (8 - 1 - (24 + 2 - -1))
-19
What is (-126 - -57) + -24 + 72?
-21
(15 - (32 - (-21 + (54 - 23)))) + -33
-40
What is the value of -5 + 8 - 24 - (-3 + 11)?
-29
Evaluate (-63 - (38 + -6)) + 54.
-41
Evaluate (92 - 89) + (-7 - -19 - 53).
-38
What is 13 + (-28 - -102) + -37?
50
5 + 11 - (-1 + 5 - (210 - 216)) - 6
0
-5 - (12 + (-30 - -24) + 8)
-19
What is the value of (2774 - 2783) + (0 - 2) + 70?
59
What is -44 + 1 - (-25726 - -25600)?
83
What is (-4 - (2 + -3 - -10)) + -20 - (2 - 0)?
-35
What is 8 + (-3 - (30 + 12)) - -26?
-11
What is the value of -23 + 5 + -2 - (-5982 + 5868)?
94
Evaluate 7 + 41 + (7 - 3 - (1 - -9)) + 8.
50
What is the value of -183 - (-33 + -134) - (1 + 35)?
-52
Evaluate 6 + (4 - (-10 - 6 - -6)).
20
What is 878 + -849 + (-2 - (4 + -31))?
54
-36 + (37 - 50) - -77
28
What is (-43 - 24) + (-12 + 3 - -2) + (-1 - -14)?
-61
8 - 4 - -70 - (79 + -49 - 14)
58
Evaluate (1 - 59) + 22 + 89 + 11.
64
What is the value of 80 - (12 + 45 + 89)?
-66
Evaluate 55 + (-10 - (-36 - -22)) + 3 + -1 + 0.
61
Calculate -2 - 0 - (484 - 543) - 16.
41
What is (-7 - 8) + 12 + -2 + -20 + 107?
82
12 + 3 - (200 + -224) - 22
17
Calculate (11 - (-27 + -18)) + -52.
4
Calculate -11 - (-3 - (-43 - -38) - (6 + -3 + 45)).
35
What is (-3 - 0 - 4) + (20 - 11)?
2
Calculate (-25 - -32) + (-9 - -5 - -36 - 4).
35
What is 15 - (0 - -30) - (-29 - -36 - -104)?
-126
What is -39 - (-36 - (70 + -38))?
29
What is 13 - (14 - (48 - 7) - -21)?
19
Evaluate (8 + -6 - (5 + 3)) + (9 + 0 - 77).
-74
Evaluate 10 - ((-2 + 2 - 13) + -11).
34
What is 10 - (-255 + 246 - (5 + -2))?
22
-12 + 33 - (7 - -64)
-50
62 + -137 - -66 - (-21 - -2)
10
What is the value of 22 + (34 - 8) + 16 + -153?
-89
What is the value of 26 + (-60 - -22) + -36 + 87?
39
What is the value of -344 - -241 - (-76 + 7)?
-34
What is the value of -7 - (0 - -2) - (-1 - 4 - (-417 + 459))?
38
What is the value of -67 + (-44 - -19 - -156)?
64
Evaluate -76 - -67 - (-1 + (5 - 3) + -4 + 34).
-40
What is 37 + (-29 + 24 - (-4 - -12)) - 4?
20
Calculate -70 + -24 + 26 + 17 + -40.
-91
23 - 1 - 5 - (-471 + 577)
-89
Calculate (1 - 20) + 136 + -16.
101
Calculate 5 - 21 - 1 - (1195 - 1218) - (-92 - 0).
98
Calculate 118 - 112 - (8 - 7 - (-6 + 0 + 19)).
18
What is -465 - -456 - (-1 + (-10 - 26))?
28
Calculate 33 + (5 + -5 - -8) + (11 - 19).
33
What is the value of 112 + 6 + -16 + 0 - -12 - 14?
100
What is -62 + (15 - (34 + -33))?
-48
Calculate (-6 - (5 - (63 - 19))) + 6 - -4.
43
3 - (57 + -44 + (-10 - 0)) - (14 - 8)
-6
What is the value of (-41 - -22 - -151) + -11 + -8 + 3?
116
Evaluate -14 + (-21 + 24 - -32) + (7 - 2).
26
What is (-78 - (-12 - (52 + -30))) + -5?
-49
What is (4 - -15) + (-49 - -2) + 46 - 56?
-38
Evaluate (-110 - (2 + -15 + (4 - -1))) + (0 - -4).
-98
What is 103 + -94 - (-38 - 25 - (-2 + 2))?
72
Calculate 22 + (-9 - (41 + -18)) - -41.
31
Evaluate 2 + (-2 - ((-5 - -9) + 7 + 3)).
-14
Calculate -2 + (296 + -316 - (-9 - 0)) + 5 + -105.
-113
What is the value of 0 - ((-24 - -70) + -23) - (-19 + -1)?
-3
Calculate 11 - ((37 - (-15 + 43 + -12)) + -10 + 84).
-84
-40 - (-92 - -30) - 41
-19
What is the value of 9 + (22 - (-24 + (47 - 5)))?
13
Calculate 70 + (19 - 28) + -4 + (17 - -1).
75
What is -12 - (-42 - (20 + -2 - 108))?
-60
7 + 15 + 63 + -60 - 52
-27
Calculate (1 - 2 - (-21 - 15) - -4) + (13 - 17).
35
What is the value of 13 + 65 - 211 - -157?
24
16 + -7 + 17 + (-22 - -8)
12
What is (15 - (0 - -1)) + (15 - 9 - 0)?
20
What is the value of -35 + 17 + (13 - (3 + -84))?
76
Calculate 432 + -396 - (-28 - -4).
60
Evaluate -59 - ((-3 - 3) + (8 - -3 - (9 - -7))).
-48
-9 + 10 - (0 + 2) - (121 + -107)
-15
Calculate -2 + 5 + 12 - (-7 + (118 - -1)).
-97
What is the value of -77 + -23 + 46 + 12?
-42
What is 4 - ((-13 - 8) + 33 + (3 - 103))?
92
What is (-68 - (-80 + 10) - (18 - 2)) + -64?
-78
-27 - 2 - -10 - 47 - 14
-80
What is -1 + (26 - -22) + -144?
-97
Calculate -22 + (-6 - -16 - 2 - (-1 - -17)).
-30
Calculate (17 - (-23 - 1)) + -3 + (6 - 2).
42
Calculate 28 + (-29 - -12) + -47.
-36
Calculate 0 + -3 + (-163 - -177) + (13 - -1).
25
Evaluate -96 - (75 + (-46 - 57)).
-68
Evaluate (-87 - 31) + 107 - (11 - 0).
-22
Calculate 9 + 8 + (24 - 25 - -33).
49
12 - (3 + 25 + (2 - -9) - (9 + -6))
-24
What is the value of -13 + 8 - (-4 + 13) - -5 - 20?
-29
Evaluate 137 + -55 - (-5 + 11 + 18).
58
What is 1 + (7 + (-3 - (-1 - -3)) + -9 - 6)?
-12
Calculate 13 + 2 + -5 + 1 + (348 - 358).
1
What is the value of (-45 - (78 + -152)) + (78 - -3)?
110
Evaluate 57 - (-14 + 57 + -11 + -7).
32
Calculate (-13 - -41) + (-187 - -127).
-32
(-555 - -753) + 0 + -76
122
What is 371 + -380 - ((-3 - -6) + 19)?
-31
10 + -17 + 5 + (-44 - -32)
-14
Calculate -59 - -35 - (156 - 125).
-55
Calculate (78 + -69 - 15) + 0 + 40 + (4 - 2).
36
Calculate 6 + 55 + 8 + 0 + -23 + -18 + 36.
64
Calculate -9 + 26 + 9 + 0 + 11.
37
Evaluate 62 + (-108 + 96 - 3).
47
What is 116 - 45 - 58 - (0 + -2 - -2) - -44?
57
(367 - 392) + (40 - -5) + 105
125
Evaluate (24 - 77) + 12 + -1 + 19.
-23
Calculate 28 + -9 + (-30 - -46).
35
What is 66 + 12 + -11 + (-2 + 11 - 4)?
72
What is the value of 84 - (34 - 68 - -80)?
38
Calculate 1 - -2 - (22 - (22 - (-62 - 21) - 0)).
86
Evaluate 3 + 40 - (-104 + 130).
17
Calculate 44 + (-149 + 298 - 94).
99
(7 - -10) + (-18 - 26)
-27
(-6 - 11) + 5 + 19 + -19
-12
What is 11 - (56 - 35 - 6) - (118 - 0)?